g(t). Calculate x(-1).
7
Let n(r) = 3*r - 2. Let w(y) = -9*y + 5. Let i(v) = -17*n(v) - 6*w(v). Let g be 3*(-1)/(-6)*-6. Let h be (3/g)/(-1) + -5. What is i(h)?
-8
Let h(t) = t**2 + 2*t - 7. Let r be -3 + ((-65)/20 - 3/(-12)). Give h(r).
17
Let f(d) = d**2 + 0*d + d + 2*d + 7 + 4*d. Give f(-6).
1
Let z(p) be the second derivative of 14*p**3/3 - 2*p. Give z(1).
28
Let u(k) = -6*k - k**2 + 2 - 2 - 1. Let i(m) = -4*m - m**2 - 2 + 9*m - 6*m. Let h be i(-2). Determine u(h).
7
Let y(a) = -3*a**3 - 2*a**2 + 1. Let v = -10 + 18. Suppose -v = 3*w - 5. Let d be (w - 1)/2 + 0. What is y(d)?
2
Suppose 12 = 2*l + 2. Suppose -r + 5*r = -l*n + 25, -4*r + 21 = n. Let y = 6 - n. Let j(s) = 2*s - 1. Determine j(y).
9
Let j(v) = -v**2 - 13*v - 12. Let m be j(-12). Let l be m/2*(-1)/2. Let h(i) = -i - 2. Give h(l).
-2
Let j(t) = 2*t - 3 + 2*t**2 - 3 + 1 - t**3 + 9. Determine j(3).
1
Let r(v) = 8*v - 16*v + 9*v. Calculate r(-6).
-6
Suppose -3*c + 14 - 2 = 0. Let j = 0 + c. Suppose 0 = -j*y + 12. Let a(q) = -q**3 + q**2 + 5*q - 3. Determine a(y).
-6
Let r(p) = p**3 + 4*p**2 + 2*p - 2. Let m(z) = -5*z**2 - z + 1. Let s be m(1). Let o = -8 - s. Determine r(o).
1
Let j(t) be the second derivative of -t**4/12 + t**3/3 + t**2/2 + t. Suppose -6*o + 4*o = 8. Let a = 6 + o. What is j(a)?
1
Let z = 7 - 10. Let c be (z + 0)*(-32)/(-24). Let v be (-10)/4*(c - -2). Let j(i) = i**3 - 4*i**2 - 5*i - 1. Give j(v).
-1
Let z = 39 + -24. Let m be (-18)/z*15/(-6). Let i(l) = l**2 - l - 2. What is i(m)?
4
Let a(d) = -4*d + 10. Let m be -2 + 2 - 0 - -11. Suppose 0 = -5*r - 5*q + 5, q + m = r - 3*q. Let v(g) = 5*g - 11. Let o(n) = r*v(n) + 4*a(n). Calculate o(5).
2
Let l(f) be the first derivative of 2*f**3/3 + 4*f**2 + 6*f - 12. Give l(-5).
16
Let f(b) = -4*b**3 - 8 - 6 - 8*b**2 + 3*b**3 + 9*b**2. Determine f(0).
-14
Suppose 0 = -5*v + j + 35, 0 = -v - 0*v - 2*j - 4. Let k(y) = -y**3 + 6*y**2 + 4. Calculate k(v).
4
Let r(p) = p - 5. Let a(g) = g**3 + 3*g**2 - g + 1. Let z be a(-3). Let n = -1 + z. Give r(n).
-2
Suppose -4*u = -4*n + 20, -5*u - 4 = 2*n - 0. Let l(p) be the second derivative of p**4/6 + p**3/2 + p**2 - 3*p. Calculate l(u).
4
Let g(y) = 12 + 0*y - y**2 + 7*y + 3 - 24. Calculate g(6).
-3
Suppose -2*o - 2*n - 3*n + 10 = 0, 5*o - 5*n + 10 = 0. Suppose o = t + 5. Let a(k) = k**2 + 5*k + 3. Determine a(t).
3
Suppose -2*g = -q + 27, -3*q - 15 = -6*q. Let d(s) = 3*s**2 + 2*s + 3. Let r(i) = 14*i**2 + 11*i + 16. Let b(o) = g*d(o) + 2*r(o). Give b(-1).
-6
Let g(m) = -17*m**2 - 4*m + 4. Let l(c) = 68*c**2 + 17*c - 17. Let j(b) = -17*g(b) - 4*l(b). Calculate j(1).
17
Suppose 0 = -4*n + x + 44, x - 3*x = 0. Suppose 39 - n = 4*r. Let d(q) = -q + 7 - r. Determine d(0).
0
Let b be 34 + -1 + -5 + 5. Let q = 22 - b. Let i = q + 12. Let c(g) = 2*g**3 - g**2 + g - 1. What is c(i)?
1
Let s(p) = p + 5 - 2 - 3*p. Give s(4).
-5
Let a = -26 + 36. Let r(d) = -2*d + 15. Let q be r(a). Let u(k) = -3*k + 2*k - 3 + 7 + 0. Give u(q).
9
Let t(h) be the first derivative of -h**2 + 2*h - 1. Suppose -8 = 12*o - 16*o. Calculate t(o).
-2
Let m(a) = 5*a + 6. Let d(p) = -4*p - 6. Let l(i) = 6*d(i) + 5*m(i). Let u(z) = -z**3 - 4*z**2 + 5*z + 5. Let f be u(-5). Let g = f + 0. Determine l(g).
-1
Let d(a) = 7*a**2 + 2*a + 1. Let z(c) = -28*c**2 - 8*c - 4. Let t(x) = 9*d(x) + 2*z(x). Suppose -12 = m + 2*m. Let p = 3 + m. Calculate t(p).
6
Let a(i) be the second derivative of 11*i**5/20 - i**3/6 - 16*i. Determine a(-1).
-10
Let t(x) = 2*x**3 + 3*x**2 + 2*x + 2. Suppose 10*i + 9 + 11 = 0. Calculate t(i).
-6
Let s(x) = -3*x - 7. Let j be s(-2). Let y(l) = -15*l. Determine y(j).
15
Suppose 0 = 6*n - 14*n + 8. Let b(c) be the second derivative of c**3/6 - c**2/2 + 5*c. What is b(n)?
0
Let x(m) = -m**3 - 3*m**2 + m - 2. Let z be 5*(-2)/(-4)*2. Suppose 2 = z*s - 2*q + 13, 0 = 5*s + 3*q + 21. What is x(s)?
-5
Let n(t) = 2*t**3 - t**2 + 1. Let w be n(1). Let c(v) = -6 + 4*v + 7 + v**w + 0. What is c(-5)?
6
Let o(p) = -11*p - 10 + 8 - 17. Let k(n) = 6*n + 10. Let y(t) = -5*k(t) - 3*o(t). Determine y(-5).
-8
Suppose 2*r + 14 = -4*b + 38, 5*r + 5 = 3*b. Let j(l) = l**3 - 4*l**2 - 4*l - 1. Give j(b).
4
Let m(k) = 2*k**3 - 8*k**2 - 6*k + 3. Let s(y) = -3*y**3 + 8*y**2 + 6*y - 2. Let b(x) = 4*m(x) + 3*s(x). Determine b(-7).
-1
Let t(m) be the third derivative of -m**4/24 - m**3/3 + 4*m**2. Determine t(-6).
4
Suppose 0 = 4*y - 0*y - 4. Let d(b) = -5*b + 4 - y + b**2 + 2. What is d(4)?
1
Let z(c) be the third derivative of -5/6*c**3 - 1/6*c**4 + 1/60*c**5 + 0 - 2*c**2 + 0*c. Give z(6).
7
Let i(r) = -2*r + 2. Let y be i(1). Let m(j) be the third derivative of -3*j**2 - 2/3*j**3 + 0 + 1/24*j**4 + y*j. Calculate m(4).
0
Suppose 0 = -w - 3*w + 16. Let i(h) = -2*h - 1. Let b(u) = 2 - 7 + 2 - 3*u. Let s(r) = 3*b(r) - 5*i(r). Calculate s(w).
0
Let p(j) = -4 + 4 - j + 3. Let m be p(5). Let b be 0*(3/m)/(-3). Let s(w) = w + 7. Calculate s(b).
7
Let k(f) be the second derivative of -1/6*f**3 - 3/10*f**5 - f - 1/2*f**2 - 1/12*f**4 + 0. Determine k(-1).
5
Suppose 0*o = -o + 4. Let v(u) = -1 + 2*u**3 + 2 - 5*u - 6*u**3 + 3*u**3 + 6*u**2. Determine v(o).
13
Suppose 2*q + 4 = -0. Let k(r) = r. Let w(u) = 6*u + 3. Let i(p) = 2*k(p) - w(p). What is i(q)?
5
Let w(o) = -o**2 + 8*o + 7. Let l be w(8). Suppose -l = -2*q - 3. Let p(v) = 3*v + 1. Determine p(q).
7
Let b(t) = -t**3 - 5*t**2 + t + 6. Let c be b(-5). Let x be ((-1)/c)/((-3)/(-6)). Let w(d) = 4*d**3 + 0*d - 2*d**3 + 3*d**2 + 3 + 2*d. What is w(x)?
-5
Let o = 5 + -15. Let r be 10/o*(-1 + -4). Let g(x) = x**2 - 5*x. Calculate g(r).
0
Let v = 8 - 4. Let m(w) = 0 + v*w - 1 - 2*w. Give m(2).
3
Let o(k) = -4*k - 4. Let t(q) = -2*q - 2. Let i(a) = -6*o(a) + 13*t(a). Determine i(-4).
6
Let y be -1 + 2 + -2 + -1. Let c = 9 - 6. Let d(q) = 2*q - 3 + 0 - c*q - q. Determine d(y).
1
Let b = -37 - -42. Let c(i) = -i**3 + 6*i**2 - 4*i - 4. Determine c(b).
1
Let x(h) be the third derivative of -h**7/840 - h**4/4 - h**3/6 + 4*h**2. Let u(s) be the first derivative of x(s). Determine u(0).
-6
Let u(v) = 5*v + 2. Let t be 8/(-36) - 25/9. Give u(t).
-13
Let z = -3 - -4. Let h(v) be the first derivative of -3*v**2 + v - 1. Determine h(z).
-5
Let r(v) = -v**3 - 2*v**2 + v - 2. Let o be 1 + 1 + (4 - 0). Let l = o + -4. Suppose l = x + 5. Give r(x).
4
Let v(x) = x - 9. Suppose 112 = 7*s + 42. What is v(s)?
1
Let d(f) = 4*f**3 + 5*f**2 + 2*f + 4. Let a(r) = -r**3 - r. Let o(i) = -5*a(i) - d(i). Let u be (-6)/4*(-48)/18. Give o(u).
-8
Let f(a) = a**3 - 6*a**2 + 6*a - 2. Let h = -17 + 17. Suppose 18 = 3*l + 3*y, 5*y + h*y - 15 = -2*l. Determine f(l).
3
Let p(u) = -14*u**2 + u + 2. Let z(d) = 15*d**2 - 2*d - 3. Let s(n) = -3*p(n) - 2*z(n). Suppose 0 = -2*f - 3 + 1. Calculate s(f).
11
Let d = 5 - 2. Let l(a) = -d*a**2 + 3*a**2 - a**2 + 8 - a. What is l(0)?
8
Let p(t) = 7*t - 40. Let a be p(6). Let j(o) = o**3 - 2*o**2 - 2*o + 3. Calculate j(a).
-1
Suppose 0 = 3*d - 3*m - 30, -5*d - 4*m + 0 = -5. Suppose 2*i + 5*w = -20 + 3, 4*i = 3*w + d. Let b be 3/(i/(8/(-6))). Let g(o) = -2*o + 2. Determine g(b).
-6
Suppose -f + 1 + 2 = 0. Let t be (-34)/10 - f/5. Let b(r) = r + 1. Give b(t).
-3
Let o(w) = w**2 + 9*w - 5. Let a(j) = j**2 - j - 1. Let d(n) = -2*a(n) + o(n). Calculate d(10).
7
Let b(j) = j**2 + 2*j - 3. Let x be b(3). Let l be (x/(-10))/((-14)/105). Suppose 5*w - l = -39. Let r(s) = -s - 2. What is r(w)?
4
Let l(n) = -2*n**2 + 5*n. Let z(o) = 3*o**2 - 9*o. Let y(b) = -5*l(b) - 3*z(b). Calculate y(-4).
8
Let m(w) = 3*w - 9. Let d = 2 + 2. Let p = d - -2. What is m(p)?
9
Let t(p) = -3 - 1 + 5 - 2 - p. Calculate t(-2).
1
Let n(u) = u - 8. Let z = 0 - -4. Give n(z).
-4
Let s be (-2)/7 + 88/14. Let r(f) = -f**2 + 6*f - 9. Determine r(s).
-9
Suppose -4 - 1 = 5*y. Let q be 2 + -2 - 1/y. Let o(j) = 0*j - j + 1 - j**3 + 0*j. Determine o(q).
-1
Suppose -2*b + 572 = -0*b. Let i be (-2)/(-5) + b/(-65). Let f(a) = -a**3 - 5*a**2 - 2*a + 2. What is f(i)?
-6
Let z = 13 - 8. Suppose -3*b - z = -17. Let p(n) = -n + 2. Determine p(b).
-2
Let t(x) = -4*x**2 + x - 5. Let c(b) = 9*b**2 - b + 11. Let a(p) = -2*c(p) - 5*t(p). Determine a(2).
5
Let a(r) = r**3 - 2*r**2 - 2*r + 4*r**2 + 1 - 3*r**2. Let w be (12/(-42))/((6 - 2)/(-28)). What is a(w)?
1
Let s(l) = -2*l + 11. Let j be s(7). Let b(w) = w**3 + 4*w**2 + 3*w - 1. Calculate b(j).